ed by 50?
41
What is the remainder when 495 is divided by 17?
2
What is the remainder when 270 is divided by 34?
32
Calculate the remainder when 880 is divided by 49.
47
Calculate the remainder when 180 is divided by 93.
87
Calculate the remainder when 1514 is divided by 23.
19
Calculate the remainder when 31 is divided by 9.
4
What is the remainder when 440 is divided by 34?
32
Calculate the remainder when 395 is divided by 59.
41
Calculate the remainder when 447 is divided by 6.
3
Calculate the remainder when 417 is divided by 398.
19
Calculate the remainder when 123 is divided by 20.
3
Calculate the remainder when 378 is divided by 281.
97
Calculate the remainder when 112 is divided by 112.
0
Calculate the remainder when 268 is divided by 85.
13
Calculate the remainder when 79 is divided by 61.
18
Calculate the remainder when 946 is divided by 80.
66
What is the remainder when 346 is divided by 13?
8
What is the remainder when 560 is divided by 117?
92
Calculate the remainder when 595 is divided by 41.
21
What is the remainder when 77 is divided by 49?
28
What is the remainder when 60 is divided by 33?
27
Calculate the remainder when 10598 is divided by 66.
38
What is the remainder when 218 is divided by 63?
29
What is the remainder when 2767 is divided by 913?
28
What is the remainder when 7705 is divided by 47?
44
Calculate the remainder when 285 is divided by 22.
21
What is the remainder when 71 is divided by 13?
6
Calculate the remainder when 6319 is divided by 68.
63
What is the remainder when 357 is divided by 45?
42
Calculate the remainder when 4180 is divided by 95.
0
Calculate the remainder when 107 is divided by 26.
3
Calculate the remainder when 17 is divided by 7.
3
Calculate the remainder when 1037 is divided by 29.
22
Calculate the remainder when 287 is divided by 14.
7
Calculate the remainder when 514 is divided by 74.
70
Calculate the remainder when 574 is divided by 48.
46
What is the remainder when 641 is divided by 107?
106
What is the remainder when 416 is divided by 21?
17
What is the remainder when 350 is divided by 349?
1
Calculate the remainder when 553 is divided by 38.
21
Calculate the remainder when 20457 is divided by 15.
12
Calculate the remainder when 59 is divided by 45.
14
Calculate the remainder when 2698 is divided by 180.
178
What is the remainder when 43 is divided by 27?
16
Calculate the remainder when 29 is divided by 15.
14
What is the remainder when 82 is divided by 34?
14
What is the remainder when 291 is divided by 21?
18
What is the remainder when 107 is divided by 2?
1
Calculate the remainder when 492 is divided by 10.
2
What is the remainder when 22301 is divided by 177?
176
What is the remainder when 944 is divided by 157?
2
What is the remainder when 651 is divided by 646?
5
What is the remainder when 822 is divided by 101?
14
What is the remainder when 1075 is divided by 27?
22
Calculate the remainder when 1344 is divided by 668.
8
What is the remainder when 178 is divided by 26?
22
What is the remainder when 174 is divided by 50?
24
What is the remainder when 83 is divided by 30?
23
What is the remainder when 233 is divided by 132?
101
What is the remainder when 631 is divided by 297?
37
Calculate the remainder when 2796 is divided by 75.
21
What is the remainder when 2756 is divided by 6?
2
What is the remainder when 39 is divided by 6?
3
What is the remainder when 1394 is divided by 11?
8
Calculate the remainder when 507 is divided by 131.
114
Calculate the remainder when 110 is divided by 85.
25
Calculate the remainder when 491 is divided by 101.
87
Calculate the remainder when 222 is divided by 28.
26
What is the remainder when 282 is divided by 12?
6
Calculate the remainder when 698 is divided by 14.
12
What is the remainder when 1123 is divided by 81?
70
What is the remainder when 158 is divided by 39?
2
What is the remainder when 26 is divided by 18?
8
What is the remainder when 39 is divided by 23?
16
What is the remainder when 925 is divided by 308?
1
What is the remainder when 125 is divided by 107?
18
What is the remainder when 328 is divided by 17?
5
Calculate the remainder when 203 is divided by 71.
61
Calculate the remainder when 4927 is divided by 22.
21
Calculate the remainder when 119 is divided by 12.
11
Calculate the remainder when 26 is divided by 15.
11
What is the remainder when 245 is divided by 79?
8
What is the remainder when 431 is divided by 36?
35
What is the remainder when 65 is divided by 26?
13
Calculate the remainder when 90 is divided by 12.
6
What is the remainder when 5533 is divided by 1105?
8
What is the remainder when 744 is divided by 123?
6
What is the remainder when 110 is divided by 36?
2
Calculate the remainder when 838 is divided by 42.
40
What is the remainder when 10350 is divided by 51?
48
What is the remainder when 112 is divided by 43?
26
What is the remainder when 23 is divided by 6?
5
Calculate the remainder when 59 is divided by 26.
7
Calculate the remainder when 18992 is divided by 6330.
2
Calculate the remainder when 465 is divided by 108.
33
Calculate the remainder when 95 is divided by 6.
5
What is the remainder when 28 is divided by 2?
0
Calculate the remainder when 737 is divided by 22.
11
What is the remainder when 1199 is divided by 12?
11
Calculate the remainder when 10969 is divided by 354.
349
What is the remainder when 400 is divided by 102?
94
What is the remainder when 649 is divided by 41?
34
What is the remainder when 1369 is divided by 28?
25
What is the remainder when 787 is divided by 272?
243
Calculate the remainder when 17 is divided by 9.
8
What is the remainder when 1437 is divided by 246?
207
Calculate the remainder when 196 is divided by 171.
25
What is the remainder when 956 is divided by 33?
32
What is the remainder when 2260 is divided by 20?
0
What is the remainder when 4159 is divided by 26?
25
Calculate the remainder when 322 is divided by 66.
58
Calculate the remainder when 3739 is divided by 267.
1
What is the remainder when 883 is divided by 34?
33
What is the remainder when 1007 is divided by 46?
41
Calculate the remainder when 306 is divided by 11.
9
Calculate the remainder when 305 is divided by 77.
74
Calculate the remainder when 57 is divided by 36.
21
Calculate the remainder when 235 is divided by 12.
7
Calculate the remainder when 102 is divided by 7.
4
Calculate the remainder when 6371 is divided by 108.
107
Calculate the remainder when 1993 is divided by 16.
9
Calculate the remainder when 322 is divided by 158.
6
What is the remainder when 68 is divided by 65?
3
What is the remainder when 759 is divided by 10?
9
Calculate the remainder when 134 is divided by 22.
2
What is the remainder when 561 is divided by 110?
11
Calculate the remainder when 2403 is divided by 56.
51
What is the remainder when 44 is divided by 17?
10
Calculate the remainder when 122 is divided by 24.
2
What is the remainder when 10230 is divided by 13?
12
What is the remainder when 158 is divided by 85?
73
Calculate the remainder when 897 is divided by 25.
22
What is the remainder when 145 is divided by 18?
1
What is the remainder when 2414 is divided by 403?
399
What is the remainder when 169 is divided by 44?
37
What is the remainder when 1824 is divided by 22?
20
Calculate the remainder when 4221 is divided by 88.
85
What is the remainder when 143 is divided by 72?
71
Calculate the remainder when 140 is divided by 36.
32
What is the remainder when 586 is divided by 19?
16
What is the remainder when 31 is divided by 18?
13
What is the remainder when 1218 is divided by 112?
98
Calculate the remainder when 450 is divided by 92.
82
Calculate the remainder when 779 is divided by 254.
17
Calculate the remainder when 575 is divided by 140.
15
Calculate the remainder when 2988 is divided by 26.
24
What is the remainder when 963 is divided by 81?
72
What is the remainder when 31 is divided by 23?
8
Calculate the remainder when 3363 is divided by 11.
8
What is the remainder when 2106 is divided by 657?
135
Calculate the remainder when 46 is divided by 12.
10
What is the remainder when 231 is divided by 152?
79
What is the remainder when 262 is divided by 93?
76
What is the remainder when 1855 is divided by 399?
259
Calculate the re